{"id":6,"date":"2020-05-12T15:33:43","date_gmt":"2020-05-12T13:33:43","guid":{"rendered":"http:\/\/petitescabines.fr\/?page_id=6"},"modified":"2021-05-16T22:16:33","modified_gmt":"2021-05-16T20:16:33","slug":"nos-cabines","status":"publish","type":"page","link":"https:\/\/petitescabines.fr\/","title":{"rendered":"Nos cabines &#038; g\u00eete"},"content":{"rendered":"\n<p> A environ 1km de la plage, et des cabines de Gouville-sur-Mer, nos  chambres d&rsquo;h\u00f4tes (ind\u00e9pendantes de notre maison) vous s\u00e9duiront par le  calme de leur environnement.   <\/p>\n\n\n\n<p style=\"text-align:center\" class=\"has-text-color has-background has-large-font-size has-vivid-green-cyan-color has-white-background-color\">Pour des vacances color\u00e9es en Normandie !<\/p>\n\n\n\n<figure class=\"wp-block-image\"><img loading=\"lazy\" width=\"1024\" height=\"768\" src=\"http:\/\/petitescabines.fr\/wp-content\/uploads\/2021\/05\/IMG_4363photo-1024x768.jpg\" alt=\"\" class=\"wp-image-751\" srcset=\"https:\/\/petitescabines.fr\/wp-content\/uploads\/2021\/05\/IMG_4363photo-1024x768.jpg 1024w, https:\/\/petitescabines.fr\/wp-content\/uploads\/2021\/05\/IMG_4363photo-300x225.jpg 300w, https:\/\/petitescabines.fr\/wp-content\/uploads\/2021\/05\/IMG_4363photo-768x576.jpg 768w\" sizes=\"(max-width: 1024px) 100vw, 1024px\" \/><\/figure>\n\n\n\n<hr class=\"wp-block-separator is-style-wide\"\/>\n\n\n\n<h2 style=\"text-align:center\"><strong>NOS CABINES<\/strong><\/h2>\n\n\n\n<p>Nos cabines d&rsquo;h\u00f4tes sont inspir\u00e9es des  cabines de plage se trouvant dans les dunes de Gouville.   <\/p>\n\n\n\n<p>C&rsquo;est dans un jardin arbor\u00e9 d&rsquo;environ 1000 m2 que vous pourrez profiter de cet h\u00e9bergement insolite. Elles sont \u00e9quip\u00e9es d&rsquo;un lit et d&rsquo;une table pour deux personnes. A l&rsquo;ext\u00e9rieur, une petite terrasse en bois o\u00f9 vous pourrez prendre votre petit-d\u00e9jeuner si le temps le permet. Les sanitaires sont priv\u00e9s, mais non attenants aux cabanes.<\/p>\n\n\n\n<ul class=\"wp-block-gallery columns-2 is-cropped\"><li class=\"blocks-gallery-item\"><figure><img loading=\"lazy\" width=\"1024\" height=\"683\" src=\"http:\/\/petitescabines.fr\/wp-content\/uploads\/2020\/09\/DSC_0206-1024x683.jpg\" alt=\"\" data-id=\"179\" data-link=\"http:\/\/petitescabines.fr\/dsc_0206\/\" class=\"wp-image-179\" srcset=\"https:\/\/petitescabines.fr\/wp-content\/uploads\/2020\/09\/DSC_0206-1024x683.jpg 1024w, https:\/\/petitescabines.fr\/wp-content\/uploads\/2020\/09\/DSC_0206-300x200.jpg 300w, https:\/\/petitescabines.fr\/wp-content\/uploads\/2020\/09\/DSC_0206-768x512.jpg 768w, https:\/\/petitescabines.fr\/wp-content\/uploads\/2020\/09\/DSC_0206-360x240.jpg 360w\" sizes=\"(max-width: 1024px) 100vw, 1024px\" \/><figcaption>Cabine verte<\/figcaption><\/figure><\/li><li class=\"blocks-gallery-item\"><figure><img loading=\"lazy\" width=\"1024\" height=\"690\" src=\"http:\/\/petitescabines.fr\/wp-content\/uploads\/2020\/09\/IMG_20200928_112543-2-1-1024x690.jpg\" alt=\"\" data-id=\"247\" data-link=\"http:\/\/petitescabines.fr\/index.php\/nos-cabines\/img_20200928_112543-2-2\/\" class=\"wp-image-247\" srcset=\"https:\/\/petitescabines.fr\/wp-content\/uploads\/2020\/09\/IMG_20200928_112543-2-1-1024x690.jpg 1024w, https:\/\/petitescabines.fr\/wp-content\/uploads\/2020\/09\/IMG_20200928_112543-2-1-300x202.jpg 300w, https:\/\/petitescabines.fr\/wp-content\/uploads\/2020\/09\/IMG_20200928_112543-2-1-768x518.jpg 768w\" sizes=\"(max-width: 1024px) 100vw, 1024px\" \/><figcaption>Cabine verte<\/figcaption><\/figure><\/li><\/ul>\n\n\n\n<ul class=\"wp-block-gallery columns-2 is-cropped\"><li class=\"blocks-gallery-item\"><figure><img loading=\"lazy\" width=\"1024\" height=\"768\" src=\"http:\/\/petitescabines.fr\/wp-content\/uploads\/2021\/05\/IMG_4423photo-1024x768.jpg\" alt=\"\" data-id=\"772\" class=\"wp-image-772\" srcset=\"https:\/\/petitescabines.fr\/wp-content\/uploads\/2021\/05\/IMG_4423photo-1024x768.jpg 1024w, https:\/\/petitescabines.fr\/wp-content\/uploads\/2021\/05\/IMG_4423photo-300x225.jpg 300w, https:\/\/petitescabines.fr\/wp-content\/uploads\/2021\/05\/IMG_4423photo-768x576.jpg 768w\" sizes=\"(max-width: 1024px) 100vw, 1024px\" \/><figcaption>Cabine jaune<\/figcaption><\/figure><\/li><li class=\"blocks-gallery-item\"><figure><img loading=\"lazy\" width=\"1024\" height=\"768\" src=\"http:\/\/petitescabines.fr\/wp-content\/uploads\/2021\/05\/IMG_4370photo-2-1024x768.jpg\" alt=\"\" data-id=\"793\" data-link=\"http:\/\/petitescabines.fr\/index.php\/nos-cabines\/img_4370photo-3\/\" class=\"wp-image-793\" srcset=\"https:\/\/petitescabines.fr\/wp-content\/uploads\/2021\/05\/IMG_4370photo-2-1024x768.jpg 1024w, https:\/\/petitescabines.fr\/wp-content\/uploads\/2021\/05\/IMG_4370photo-2-300x225.jpg 300w, https:\/\/petitescabines.fr\/wp-content\/uploads\/2021\/05\/IMG_4370photo-2-768x576.jpg 768w\" sizes=\"(max-width: 1024px) 100vw, 1024px\" \/><figcaption>Cabine jaune<\/figcaption><\/figure><\/li><\/ul>\n\n\n\n<ul class=\"wp-block-gallery columns-2 is-cropped\"><li class=\"blocks-gallery-item\"><figure><img loading=\"lazy\" width=\"1024\" height=\"768\" src=\"http:\/\/petitescabines.fr\/wp-content\/uploads\/2021\/05\/IMG_4411photo-1024x768.jpg\" alt=\"\" data-id=\"760\" class=\"wp-image-760\" srcset=\"https:\/\/petitescabines.fr\/wp-content\/uploads\/2021\/05\/IMG_4411photo-1024x768.jpg 1024w, https:\/\/petitescabines.fr\/wp-content\/uploads\/2021\/05\/IMG_4411photo-300x225.jpg 300w, https:\/\/petitescabines.fr\/wp-content\/uploads\/2021\/05\/IMG_4411photo-768x576.jpg 768w\" sizes=\"(max-width: 1024px) 100vw, 1024px\" \/><figcaption>Cabine grise<\/figcaption><\/figure><\/li><li class=\"blocks-gallery-item\"><figure><img loading=\"lazy\" width=\"1024\" height=\"768\" src=\"http:\/\/petitescabines.fr\/wp-content\/uploads\/2021\/05\/IMG_4456photo-1-1024x768.jpg\" alt=\"\" data-id=\"794\" data-link=\"http:\/\/petitescabines.fr\/index.php\/nos-cabines\/img_4456photo-2\/\" class=\"wp-image-794\" srcset=\"https:\/\/petitescabines.fr\/wp-content\/uploads\/2021\/05\/IMG_4456photo-1-1024x768.jpg 1024w, https:\/\/petitescabines.fr\/wp-content\/uploads\/2021\/05\/IMG_4456photo-1-300x225.jpg 300w, https:\/\/petitescabines.fr\/wp-content\/uploads\/2021\/05\/IMG_4456photo-1-768x576.jpg 768w\" sizes=\"(max-width: 1024px) 100vw, 1024px\" \/><figcaption>Cabine grise<\/figcaption><\/figure><\/li><\/ul>\n\n\n\n<div style=\"height:20px\" aria-hidden=\"true\" class=\"wp-block-spacer\"><\/div>\n\n\n\n<h2 style=\"text-align:center\"><strong>NOTRE G\u00ceTE<\/strong><\/h2>\n\n\n\n<p>La chambre se trouve dans une petite maison dans notre jardin. Elle dispose d&rsquo;un lit 2 places et d&rsquo;un lit 1 place. douche et toilettes sont attenants et priv\u00e9s. Vous aurez acc\u00e8s \u00e0 un grand jardin et une jolie terrasse bois qui vous permettra de profiter du jardin  et d&rsquo;y prendre le petit d\u00e9jeuner lorsque la saison le permet. <br> Dans le g\u00eete, se trouve une cuisine, que vous pourrez utiliser.<\/p>\n\n\n\n<div style=\"height:20px\" aria-hidden=\"true\" class=\"wp-block-spacer\"><\/div>\n\n\n\n<ul class=\"wp-block-gallery columns-1 is-cropped\"><li class=\"blocks-gallery-item\"><figure><img loading=\"lazy\" width=\"1024\" height=\"768\" src=\"http:\/\/petitescabines.fr\/wp-content\/uploads\/2021\/05\/P1011261-1024x768.jpg\" alt=\"\" data-id=\"763\" data-link=\"http:\/\/petitescabines.fr\/p1011261\/\" class=\"wp-image-763\" srcset=\"https:\/\/petitescabines.fr\/wp-content\/uploads\/2021\/05\/P1011261-1024x768.jpg 1024w, https:\/\/petitescabines.fr\/wp-content\/uploads\/2021\/05\/P1011261-300x225.jpg 300w, https:\/\/petitescabines.fr\/wp-content\/uploads\/2021\/05\/P1011261-768x576.jpg 768w\" sizes=\"(max-width: 1024px) 100vw, 1024px\" \/><figcaption>G\u00eete<\/figcaption><\/figure><\/li><\/ul>\n\n\n\n<ul class=\"wp-block-gallery columns-2 is-cropped\"><li class=\"blocks-gallery-item\"><figure><img loading=\"lazy\" width=\"1024\" height=\"642\" src=\"http:\/\/petitescabines.fr\/wp-content\/uploads\/2020\/09\/DSC_0213-1-1024x642.jpg\" alt=\"\" data-id=\"248\" data-link=\"http:\/\/petitescabines.fr\/index.php\/nos-cabines\/dsc_0213-2\/\" class=\"wp-image-248\" srcset=\"https:\/\/petitescabines.fr\/wp-content\/uploads\/2020\/09\/DSC_0213-1-1024x642.jpg 1024w, https:\/\/petitescabines.fr\/wp-content\/uploads\/2020\/09\/DSC_0213-1-300x188.jpg 300w, https:\/\/petitescabines.fr\/wp-content\/uploads\/2020\/09\/DSC_0213-1-768x482.jpg 768w\" sizes=\"(max-width: 1024px) 100vw, 1024px\" \/><figcaption>Chambre g\u00eete<\/figcaption><\/figure><\/li><li class=\"blocks-gallery-item\"><figure><img loading=\"lazy\" width=\"1024\" height=\"768\" src=\"http:\/\/petitescabines.fr\/wp-content\/uploads\/2021\/05\/P1011269-1024x768.jpg\" alt=\"\" data-id=\"766\" data-link=\"http:\/\/petitescabines.fr\/p1011269\/\" class=\"wp-image-766\" srcset=\"https:\/\/petitescabines.fr\/wp-content\/uploads\/2021\/05\/P1011269-1024x768.jpg 1024w, https:\/\/petitescabines.fr\/wp-content\/uploads\/2021\/05\/P1011269-300x225.jpg 300w, https:\/\/petitescabines.fr\/wp-content\/uploads\/2021\/05\/P1011269-768x576.jpg 768w\" sizes=\"(max-width: 1024px) 100vw, 1024px\" \/><figcaption>Int\u00e9rieur g\u00eete<\/figcaption><\/figure><\/li><\/ul>\n\n\n\n<p><\/p>\n","protected":false},"excerpt":{"rendered":"<p>A environ 1km de la plage, et des cabines de Gouville-sur-Mer, nos chambres d&rsquo;h\u00f4tes (ind\u00e9pendantes de notre maison) vous s\u00e9duiront par le calme de leur environnement. Pour des vacances color\u00e9es en Normandie ! NOS CABINES Nos cabines d&rsquo;h\u00f4tes sont inspir\u00e9es des cabines de plage se trouvant dans les dunes de Gouville. C&rsquo;est dans un jardin arbor\u00e9 d&rsquo;environ 1000 m2 que vous pourrez profiter de cet h\u00e9bergement insolite. Elles sont \u00e9quip\u00e9es d&rsquo;un lit et d&rsquo;une table pour deux personnes. A l&rsquo;ext\u00e9rieur, une petite terrasse en bois o\u00f9 vous pourrez prendre votre petit-d\u00e9jeuner si le temps le permet. Les sanitaires sont priv\u00e9s, mais non attenants aux cabanes. NOTRE G\u00ceTE La chambre se trouve dans une petite maison dans notre jardin. Elle dispose d&rsquo;un lit 2 places et d&rsquo;un lit 1 place. douche et toilettes sont attenants et priv\u00e9s. Vous aurez acc\u00e8s \u00e0 un grand jardin et une jolie terrasse bois qui vous&hellip;<\/p>\n<p> <a class=\"more-link\" href=\"https:\/\/petitescabines.fr\/\">Lire la suite<\/a><\/p>\n","protected":false},"author":1,"featured_media":179,"parent":0,"menu_order":0,"comment_status":"closed","ping_status":"closed","template":"","meta":[],"_links":{"self":[{"href":"https:\/\/petitescabines.fr\/index.php\/wp-json\/wp\/v2\/pages\/6"}],"collection":[{"href":"https:\/\/petitescabines.fr\/index.php\/wp-json\/wp\/v2\/pages"}],"about":[{"href":"https:\/\/petitescabines.fr\/index.php\/wp-json\/wp\/v2\/types\/page"}],"author":[{"embeddable":true,"href":"https:\/\/petitescabines.fr\/index.php\/wp-json\/wp\/v2\/users\/1"}],"replies":[{"embeddable":true,"href":"https:\/\/petitescabines.fr\/index.php\/wp-json\/wp\/v2\/comments?post=6"}],"version-history":[{"count":30,"href":"https:\/\/petitescabines.fr\/index.php\/wp-json\/wp\/v2\/pages\/6\/revisions"}],"predecessor-version":[{"id":797,"href":"https:\/\/petitescabines.fr\/index.php\/wp-json\/wp\/v2\/pages\/6\/revisions\/797"}],"wp:featuredmedia":[{"embeddable":true,"href":"https:\/\/petitescabines.fr\/index.php\/wp-json\/wp\/v2\/media\/179"}],"wp:attachment":[{"href":"https:\/\/petitescabines.fr\/index.php\/wp-json\/wp\/v2\/media?parent=6"}],"curies":[{"name":"wp","href":"https:\/\/api.w.org\/{rel}","templated":true}]}}